= -x*q - 6. What is the highest common divisor of 33 and q?
11
Let h = 25 + -23. Let v(f) = -360*f - 3. Let z be v(h). Let b be z/(-12) + (-2)/(-3 - -11). What is the greatest common factor of 6 and b?
6
Let y(k) = k**3 + 10*k**2 - 18*k - 85. Let c be y(-10). Let t be -57*-4*(-1)/(-6). Calculate the greatest common divisor of c and t.
19
Suppose -3*g + 37 = -8. Let m be ((21 + -21)/(1 + -3))/2. Suppose m = 9*p - 24 - 3. What is the greatest common factor of g and p?
3
Let t be (7/2)/((-1)/(-2)). Let w(y) = 773*y**2 - 430*y. Let i be w(1). What is the greatest common divisor of t and i?
7
Let a(x) = -x**3 - 12*x**2 + 37*x + 17. Let b be (43/(-3) + 3)/(8/12). Let s be a(b). Calculate the greatest common divisor of s and 17.
17
Let g = 2649 - 2264. What is the highest common divisor of g and 176?
11
Let x = 18848 + -15080. Calculate the highest common factor of x and 16.
8
Suppose -3199 = -117*s + 10481 + 2115. What is the highest common divisor of s and 765?
45
Let z be 2/11 + (-446680)/(-286) + 0. Calculate the greatest common divisor of 462 and z.
22
Suppose 3*z - 4 = 5*d - 3, -z - 5 = d. Let y be d + 1 + 1 - -8. Let k(l) = 28*l - 248. Let p be k(12). Calculate the highest common factor of y and p.
8
Let h(b) = 7*b**2 - 75*b + 37. Let y be h(11). What is the highest common divisor of 2 and y?
1
Suppose j = 11 - 1. Let r = 217 + -152. Let f = r + 5. What is the greatest common divisor of f and j?
10
Let z(u) = 294*u**2 - 2978*u + 18. Let w be z(17). Calculate the greatest common factor of 41 and w.
41
Let j = -182 - -131. Let i be 6 + (-728)/119 - 43917/j. What is the highest common factor of 21 and i?
21
Suppose 2*o - 109 - 213 = 4*w, -5*o + w + 832 = 0. Suppose 8*u = -4*a + 12*u + 364, 0 = -2*a - 3*u + o. What is the greatest common divisor of a and 44?
44
Let j = -285 + 288. Suppose -3*q + 57 = -2*k + 8, -j*k = 6. What is the greatest common divisor of q and 27?
3
Let j be (2/((-4)/193))/((-1)/(-2)). Let y = -157 - j. What is the greatest common factor of 108 and y?
36
Let x = -44 + 47. Suppose 2*d + j - 79 = 0, 5*d + 0*d = x*j + 181. Suppose -26*r + 4*r = -2508. What is the greatest common factor of r and d?
38
Let n(x) = x**3 + 13*x**2 - 5*x + 1. Let u be n(-10). Suppose -j = -2*o - 66, 5*j + 156 - 438 = 2*o. What is the highest common factor of j and u?
27
Let l(u) = -92*u - 326. Let n be l(-4). Suppose 23 = 3*r - 13. Calculate the greatest common divisor of r and n.
6
Suppose -9 = 3*r + 3*o, -5*o - 19 = 1. Let v be (-10)/20*(-13 + r). Suppose 0 = v*u - 55 - 5. What is the highest common factor of 40 and u?
10
Suppose 3*q = -86 + 122. Let n be 4/q*2 + (-400)/(-12). What is the greatest common divisor of n and 51?
17
Let q(w) = 9*w - 13 + 11 - w. Let p be q(5). Let o = 2118 - 2042. Calculate the greatest common factor of p and o.
38
Let y = -2038 + 2088. Calculate the highest common divisor of 5275 and y.
25
Suppose 6*b - 10 - 14 = 0. Let q be 15*80/(-12) + (b - 2). Let g = q + 178. Calculate the highest common divisor of 10 and g.
10
Suppose -2*f + 76 = -0*f. Let y(x) = -4 - 39*x + 5*x**2 + f*x - x**2. Let h be y(2). What is the greatest common divisor of 40 and h?
10
Let x be (-94)/14 + 2/(-7). Suppose 9*s - 7*s = 0. Let z be 3 - (-2 + s + x). Calculate the highest common factor of z and 48.
12
Let x = -111 - -153. Suppose 3*y = -11*y + x. What is the highest common factor of 3 and y?
3
Let s = -17 - -37. Let i(b) = -16*b**3 - 400*b**2 - 5*b - 69. Let g be i(-25). Calculate the greatest common factor of g and s.
4
Suppose l + 0*l - 5 = 0, 5*z - 5*l - 325 = 0. Let p = 21360 + -21340. Calculate the highest common divisor of p and z.
10
Suppose 228*c - 231*c = -27. Suppose 5*y = 4*y + 3. Suppose -3*t = -4*g + 468, 545 = y*g - 3*t + 194. What is the highest common divisor of g and c?
9
Suppose -4*o + 25 = -375. Let y(d) = -19*d**2 + 30*d**2 + 34*d**2 - 3 - 24*d + 2*d**3. Let n be y(-23). What is the highest common factor of n and o?
20
Suppose 11*l - 14*l + 9 = 0. Suppose l*w = w + 286. Suppose 0 = -3*t + 2*t + w. Calculate the greatest common divisor of 13 and t.
13
Suppose 0 = -214*q + 114*q + 116*q - 1472. Calculate the greatest common divisor of 2070 and q.
46
Let u(v) = v - 8. Let p be u(-19). Let o be ((-8)/(-6))/((-18)/p). Let y be o/8 + (-52)/16 + 10. What is the greatest common factor of y and 14?
7
Let y = -643 + 400. Let g = y + 319. What is the greatest common factor of g and 266?
38
Let v be (-1 - -2)*-3*4471446/(-1206). Calculate the greatest common factor of 49 and v.
49
Suppose -r + 2 = 0, -c + 33 = 2*c + 3*r. Let p be (-3)/(4/312*c). Let d be 65/p*-3*4. What is the greatest common factor of d and 120?
30
Let c(g) = 275*g - 1465. Let i be c(10). What is the highest common divisor of i and 25?
5
Let h(i) = -22*i - 1587. Let k be h(-93). What is the highest common factor of k and 108?
27
Let g = 178 + -144. Suppose -4*s - 2364 = -5*j, 3*j - 1420 = -8*s + 10*s. What is the highest common factor of j and g?
34
Let s be (0 - 6)*17/51. Let b be s/16 + 162/16. Let r be 2/b + (1 - (-296)/20). Calculate the highest common factor of r and 4.
4
Suppose 237*q = -169*q - 80*q + 30618. Let x be 1197/(-2 + (5 - 2)). Calculate the highest common divisor of q and x.
63
Let g be 162400/1800 + (-4)/18. Suppose -2*d = -5*n - 65, -d - 3*n = -6*n - 35. Calculate the highest common factor of d and g.
10
Suppose 3*b = -131 + 113. Let w be 5 + 3/b*-2*75. What is the highest common divisor of 280 and w?
40
Suppose 3*j - 3 = -0. Let f(y) = 65*y**2 + 2*y + 1. Let s be f(j). What is the highest common divisor of 4 and s?
4
Let j(k) = -2*k**2 - 72*k + 92. Let b be j(-34). What is the highest common divisor of 171 and b?
57
Let j be ((-17)/85)/(2/8110). Let s = 860 + j. Calculate the greatest common divisor of 784 and s.
49
Suppose -4090 = -38*y + 242. Calculate the greatest common divisor of 1007 and y.
19
Suppose 14*h - 353 = 25. Let o(s) = -7*s + 237. Let i be o(h). Calculate the highest common factor of i and 48.
48
Let n be (12/10)/(1/60). Let x be (-768)/n*(-138)/8. What is the greatest common factor of 46 and x?
46
Let c(k) = -8*k - 17. Let p be c(4). Let j be (-2 - p) + 1 + 2. What is the highest common factor of j and 50?
50
Suppose 10284 = 30*d - 936. Calculate the highest common divisor of d and 88.
22
Suppose -4*j + 5*x + 31455 = 0, 3*j + x = 6*x + 23595. Calculate the highest common factor of 15 and j.
15
Let q be 140/(-25)*110/44 - -22. Let k = 6 + -4. Suppose 0*h - 13 = -2*h + 3*j, -4*h = -k*j - 30. Calculate the highest common divisor of q and h.
8
Let d(m) = -m**2 - 56*m + 528. Let c be d(-64). Calculate the highest common factor of c and 4208.
16
Let w be (-4)/(-8) - 6/4. Let b be -2*((-2)/12 - (-9)/(-27)). Let m be 0*(w + -1 + b) - -88. Calculate the highest common factor of 11 and m.
11
Suppose 5*f + 2*m = 106 - 59, -41 = -4*f - 5*m. Calculate the highest common divisor of 51 and f.
3
Suppose -9*j - 30*j - 5*j = -79288. Calculate the greatest common factor of 1378 and j.
106
Let l be (-1 + (-34)/(-10))/(99/(-495)). Let c be (-5 + 111/l)*8/(-3). Calculate the highest common factor of 38 and c.
38
Suppose 300*n - 561360 = -186*n - 131736. Calculate the greatest common divisor of n and 408.
68
Let n be (-227805)/(-110) + (-4)/(-88). What is the highest common factor of 872 and n?
109
Suppose f - 7 = -4. Suppose 0 = 3*q + 2*i - 34, -f*q - 3*i - 11 = -50. Calculate the greatest common divisor of 5 and q.
1
Suppose -u = -2*u + 2. Suppose 85 = u*w + 3*w. Let m = 223 - 206. Calculate the greatest common divisor of m and w.
17
Let n(o) = 428*o**2 + 6*o - 7. Let b be n(-3). What is the highest common factor of b and 89?
89
Suppose 57829 - 12429 = 8*q. Calculate the highest common factor of 25 and q.
25
Let i(b) = 72*b + 8. Let q be i(-18). Let d be q/(-42)*(-6)/4. Let n = d - -91. Calculate the highest common factor of n and 360.
45
Let i(f) = -11*f + 13. Let p be i(7). Let m = -47 - p. Let d = -66 + 185. Calculate the highest common divisor of d and m.
17
Suppose 0 = 9*f - 698 + 509. Calculate the greatest common factor of f and 1701.
21
Let k be 1340/14 - 6/(-21). Let g be (-315)/((-49)/7) - 1/((-4)/12). Calculate the greatest common divisor of k and g.
48
Let m be (60/14)/((-699)/(-3262)). Let n(s) be the first derivative of s**2 + 12*s -